[INFO] cloning repository https://github.com/cdrch/ld46
[INFO] running `Command { std: "git" "-c" "credential.helper=" "-c" "credential.helper=/workspace/cargo-home/bin/git-credential-null" "clone" "--bare" "https://github.com/cdrch/ld46" "/workspace/cache/git-repos/https%3A%2F%2Fgithub.com%2Fcdrch%2Fld46", kill_on_drop: false }`
[INFO] [stderr] Cloning into bare repository '/workspace/cache/git-repos/https%3A%2F%2Fgithub.com%2Fcdrch%2Fld46'...
[INFO] running `Command { std: "git" "rev-parse" "HEAD", kill_on_drop: false }`
[INFO] [stdout] 3d5647c32e56902a08009e9708a008da3eed8314
[INFO] checking cdrch/ld46 against try#72f88fc4e9458f89516a0b8b0868f3718aec5b47 for pr-74989
[INFO] running `Command { std: "git" "clone" "/workspace/cache/git-repos/https%3A%2F%2Fgithub.com%2Fcdrch%2Fld46" "/workspace/builds/worker-7/source", kill_on_drop: false }`
[INFO] [stderr] Cloning into '/workspace/builds/worker-7/source'...
[INFO] [stderr] done.
[INFO] validating manifest of git repo https://github.com/cdrch/ld46 on toolchain 72f88fc4e9458f89516a0b8b0868f3718aec5b47
[INFO] running `Command { std: "/workspace/cargo-home/bin/cargo" "+72f88fc4e9458f89516a0b8b0868f3718aec5b47" "read-manifest" "--manifest-path" "Cargo.toml", kill_on_drop: false }`
[INFO] started tweaking git repo https://github.com/cdrch/ld46
[INFO] removed path dependency legion from git repo https://github.com/cdrch/ld46
[INFO] finished tweaking git repo https://github.com/cdrch/ld46
[INFO] tweaked toml for git repo https://github.com/cdrch/ld46 written to /workspace/builds/worker-7/source/Cargo.toml
[INFO] crate git repo https://github.com/cdrch/ld46 already has a lockfile, it will not be regenerated
[INFO] running `Command { std: "/workspace/cargo-home/bin/cargo" "+72f88fc4e9458f89516a0b8b0868f3718aec5b47" "fetch" "--locked" "--manifest-path" "Cargo.toml", kill_on_drop: false }`
[INFO] [stderr] warning: dependency (legion) specified without providing a local path, Git repository, or version to use. This will be considered an error in future versions
[INFO] [stderr]     Updating crates.io index
[INFO] [stderr] error: the lock file /workspace/builds/worker-7/source/Cargo.lock needs to be updated but --locked was passed to prevent this
[INFO] [stderr] If you want to try to generate the lock file without accessing the network, use the --offline flag.
[INFO] the lockfile is outdated, regenerating it
[INFO] running `Command { std: "/workspace/cargo-home/bin/cargo" "+72f88fc4e9458f89516a0b8b0868f3718aec5b47" "generate-lockfile" "--manifest-path" "Cargo.toml" "-Zno-index-update", kill_on_drop: false }`
[INFO] running `Command { std: "/workspace/cargo-home/bin/cargo" "+72f88fc4e9458f89516a0b8b0868f3718aec5b47" "fetch" "--locked" "--manifest-path" "Cargo.toml", kill_on_drop: false }`
[INFO] [stderr] warning: dependency (legion) specified without providing a local path, Git repository, or version to use. This will be considered an error in future versions
[INFO] [stderr]  Downloading crates ...
[INFO] [stderr]   Downloaded claxon v0.4.3
[INFO] [stderr]   Downloaded bit-set v0.5.2
[INFO] [stderr]   Downloaded paste v1.0.0
[INFO] [stderr]   Downloaded legion_codegen v0.3.0
[INFO] [stderr]   Downloaded vek v0.9.12
[INFO] [stderr]   Downloaded legion v0.3.0
[INFO] [stderr]   Downloaded tetra v0.3.6
[INFO] running `Command { std: "docker" "create" "-v" "/var/lib/crater-agent-workspace/builds/worker-7/target:/opt/rustwide/target:rw,Z" "-v" "/var/lib/crater-agent-workspace/builds/worker-7/source:/opt/rustwide/workdir:ro,Z" "-v" "/var/lib/crater-agent-workspace/cargo-home:/opt/rustwide/cargo-home:ro,Z" "-v" "/var/lib/crater-agent-workspace/rustup-home:/opt/rustwide/rustup-home:ro,Z" "-e" "SOURCE_DIR=/opt/rustwide/workdir" "-e" "CARGO_TARGET_DIR=/opt/rustwide/target" "-e" "CARGO_HOME=/opt/rustwide/cargo-home" "-e" "RUSTUP_HOME=/opt/rustwide/rustup-home" "-w" "/opt/rustwide/workdir" "-m" "1610612736" "--user" "0:0" "--network" "none" "rustops/crates-build-env@sha256:d92eaeed33fa75130ca1ee6c8a01d1ffb62bac859dfdfb3450e3e5d1c0146529" "/opt/rustwide/cargo-home/bin/cargo" "+72f88fc4e9458f89516a0b8b0868f3718aec5b47" "metadata" "--no-deps" "--format-version=1", kill_on_drop: false }`
[INFO] [stdout] 07ed08e651380f2d939f7dafb733dd7856dd6d563d2b6acdc57f58e1321213e7
[INFO] [stderr] WARNING: Your kernel does not support swap limit capabilities or the cgroup is not mounted. Memory limited without swap.
[INFO] running `Command { std: "docker" "start" "-a" "07ed08e651380f2d939f7dafb733dd7856dd6d563d2b6acdc57f58e1321213e7", kill_on_drop: false }`
[INFO] running `Command { std: "docker" "inspect" "07ed08e651380f2d939f7dafb733dd7856dd6d563d2b6acdc57f58e1321213e7", kill_on_drop: false }`
[INFO] running `Command { std: "docker" "rm" "-f" "07ed08e651380f2d939f7dafb733dd7856dd6d563d2b6acdc57f58e1321213e7", kill_on_drop: false }`
[INFO] [stdout] 07ed08e651380f2d939f7dafb733dd7856dd6d563d2b6acdc57f58e1321213e7
[INFO] running `Command { std: "docker" "create" "-v" "/var/lib/crater-agent-workspace/builds/worker-7/target:/opt/rustwide/target:rw,Z" "-v" "/var/lib/crater-agent-workspace/builds/worker-7/source:/opt/rustwide/workdir:ro,Z" "-v" "/var/lib/crater-agent-workspace/cargo-home:/opt/rustwide/cargo-home:ro,Z" "-v" "/var/lib/crater-agent-workspace/rustup-home:/opt/rustwide/rustup-home:ro,Z" "-e" "SOURCE_DIR=/opt/rustwide/workdir" "-e" "CARGO_TARGET_DIR=/opt/rustwide/target" "-e" "CARGO_INCREMENTAL=0" "-e" "RUST_BACKTRACE=full" "-e" "RUSTFLAGS=--cap-lints=forbid" "-e" "CARGO_HOME=/opt/rustwide/cargo-home" "-e" "RUSTUP_HOME=/opt/rustwide/rustup-home" "-w" "/opt/rustwide/workdir" "-m" "1610612736" "--user" "0:0" "--network" "none" "rustops/crates-build-env@sha256:d92eaeed33fa75130ca1ee6c8a01d1ffb62bac859dfdfb3450e3e5d1c0146529" "/opt/rustwide/cargo-home/bin/cargo" "+72f88fc4e9458f89516a0b8b0868f3718aec5b47" "check" "--frozen" "--all" "--all-targets" "--message-format=json", kill_on_drop: false }`
[INFO] [stderr] WARNING: Your kernel does not support swap limit capabilities or the cgroup is not mounted. Memory limited without swap.
[INFO] [stdout] f177c9402ef0af3dc5d8afdc419d7358cbafc732950c60c3d77ef3979e1dcbfb
[INFO] running `Command { std: "docker" "start" "-a" "f177c9402ef0af3dc5d8afdc419d7358cbafc732950c60c3d77ef3979e1dcbfb", kill_on_drop: false }`
[INFO] [stderr] warning: dependency (legion) specified without providing a local path, Git repository, or version to use. This will be considered an error in future versions
[INFO] [stderr]    Compiling libc v0.2.77
[INFO] [stderr]    Compiling proc-macro2 v1.0.21
[INFO] [stderr]     Checking lazy_static v1.4.0
[INFO] [stderr]    Compiling serde_derive v1.0.116
[INFO] [stderr]     Checking adler32 v1.2.0
[INFO] [stderr]    Compiling version-compare v0.0.10
[INFO] [stderr]    Compiling semver-parser v0.7.0
[INFO] [stderr]    Compiling serde v1.0.116
[INFO] [stderr]     Checking lzw v0.10.0
[INFO] [stderr]    Compiling sdl2 v0.34.3
[INFO] [stderr]     Checking color_quant v1.0.1
[INFO] [stderr]     Checking scoped_threadpool v0.1.9
[INFO] [stderr]     Checking bit-vec v0.6.2
[INFO] [stderr]     Checking approx v0.1.1
[INFO] [stderr]     Checking bytemuck v1.4.1
[INFO] [stderr]     Checking ahash v0.3.8
[INFO] [stderr]     Checking claxon v0.4.3
[INFO] [stderr]    Compiling paste v1.0.0
[INFO] [stderr]    Compiling num-traits v0.2.12
[INFO] [stderr]    Compiling num-integer v0.1.43
[INFO] [stderr]    Compiling num-rational v0.3.0
[INFO] [stderr]    Compiling hashbrown v0.7.2
[INFO] [stderr]    Compiling alsa-sys v0.1.2
[INFO] [stderr]     Checking lock_api v0.4.1
[INFO] [stderr]    Compiling minimp3-sys v0.3.2
[INFO] [stderr]     Checking itertools v0.9.0
[INFO] [stderr]     Checking miniz_oxide v0.3.7
[INFO] [stderr]     Checking gif v0.10.3
[INFO] [stderr]    Compiling semver v0.9.0
[INFO] [stderr]     Checking crc32fast v1.2.0
[INFO] [stderr]     Checking bit-set v0.5.2
[INFO] [stderr]    Compiling sdl2-sys v0.34.3
[INFO] [stderr]     Checking deflate v0.8.6
[INFO] [stderr]     Checking crossbeam-utils v0.7.2
[INFO] [stderr]    Compiling gl_generator v0.13.1
[INFO] [stderr]     Checking lewton v0.10.1
[INFO] [stderr]    Compiling cpal v0.11.0
[INFO] [stderr]    Compiling rustc_version v0.2.3
[INFO] [stderr]     Checking crossbeam-epoch v0.8.2
[INFO] [stderr]     Checking crossbeam-channel v0.4.4
[INFO] [stderr]     Checking tiff v0.5.0
[INFO] [stderr]     Checking png v0.16.7
[INFO] [stderr]    Compiling vek v0.9.12
[INFO] [stderr]     Checking crossbeam-deque v0.7.3
[INFO] [stderr]    Compiling quote v1.0.7
[INFO] [stderr]     Checking num_cpus v1.13.0
[INFO] [stderr]     Checking getrandom v0.1.15
[INFO] [stderr]     Checking slice-deque v0.3.0
[INFO] [stderr]     Checking parking_lot_core v0.8.0
[INFO] [stderr]     Checking approx v0.3.2
[INFO] [stderr]     Checking ordered-float v1.1.0
[INFO] [stderr]     Checking num-traits v0.1.43
[INFO] [stderr]    Compiling glow v0.4.0
[INFO] [stderr]     Checking rayon-core v1.8.0
[INFO] [stderr]    Compiling syn v1.0.40
[INFO] [stderr]     Checking rand_core v0.5.1
[INFO] [stderr]     Checking parking_lot v0.11.0
[INFO] [stderr]     Checking rusttype v0.8.3
[INFO] [stderr]     Checking num-iter v0.1.41
[INFO] [stderr]     Checking rand_chacha v0.2.2
[INFO] [stderr]     Checking minimp3 v0.3.5
[INFO] [stderr]     Checking rand v0.7.3
[INFO] [stderr]     Checking rayon v1.4.0
[INFO] [stderr]     Checking glyph_brush_layout v0.1.9
[INFO] [stderr]     Checking twox-hash v1.5.0
[INFO] [stderr]     Checking glyph_brush v0.6.3
[INFO] [stderr]     Checking jpeg-decoder v0.1.20
[INFO] [stderr]     Checking image v0.23.9
[INFO] [stderr]    Compiling thiserror-impl v1.0.20
[INFO] [stderr]    Compiling derivative v2.1.1
[INFO] [stderr]     Checking thiserror v1.0.20
[INFO] [stderr]    Compiling legion_codegen v0.3.0
[INFO] [stderr]     Checking rodio v0.11.0
[INFO] [stderr]     Checking tetra v0.3.6
[INFO] [stderr]     Checking erased-serde v0.3.12
[INFO] [stderr]     Checking uuid v0.8.1
[INFO] [stderr]     Checking legion v0.3.0
[INFO] [stderr]     Checking ld46 v0.1.0 (/opt/rustwide/workdir)
[INFO] [stdout] error[E0432]: unresolved import `legion::prelude`
[INFO] [stdout]  --> src/main.rs:1:13
[INFO] [stdout]   |
[INFO] [stdout] 1 | use legion::prelude::*;
[INFO] [stdout]   |             ^^^^^^^ could not find `prelude` in `legion`
[INFO] [stdout] 
[INFO] [stdout] 
[INFO] [stdout] error[E0432]: unresolved import `legion::prelude`
[INFO] [stdout]  --> src/main.rs:1:13
[INFO] [stdout]   |
[INFO] [stdout] 1 | use legion::prelude::*;
[INFO] [stdout]   |             ^^^^^^^ could not find `prelude` in `legion`
[INFO] [stdout] 
[INFO] [stdout] 
[INFO] [stdout] error[E0433]: failed to resolve: use of undeclared type or module `Universe`
[INFO] [stdout]   --> src/main.rs:93:24
[INFO] [stdout]    |
[INFO] [stdout] 93 |         let universe = Universe::new();
[INFO] [stdout]    |                        ^^^^^^^^ use of undeclared type or module `Universe`
[INFO] [stdout] 
[INFO] [stdout] 
[INFO] [stdout] error[E0433]: failed to resolve: use of undeclared type or module `Universe`
[INFO] [stdout]   --> src/main.rs:93:24
[INFO] [stdout]    |
[INFO] [stdout] 93 |         let universe = Universe::new();
[INFO] [stdout]    |                        ^^^^^^^^ use of undeclared type or module `Universe`
[INFO] [stdout] 
[INFO] [stdout] 
[INFO] [stdout] error[E0405]: cannot find trait `Schedulable` in this scope
[INFO] [stdout]   --> src/main.rs:47:40
[INFO] [stdout]    |
[INFO] [stdout] 47 | pub fn create_systems() -> Vec<Box<dyn Schedulable>> {
[INFO] [stdout]    |                      -                 ^^^^^^^^^^^ not found in this scope
[INFO] [stdout]    |                      |
[INFO] [stdout]    |                      help: you might be missing a type parameter: `<Schedulable>`
[INFO] [stdout] 
[INFO] [stdout] 
[INFO] [stdout] error[E0405]: cannot find trait `Schedulable` in this scope
[INFO] [stdout]   --> src/main.rs:57:40
[INFO] [stdout]    |
[INFO] [stdout] 57 | pub fn simple_test_system() -> Box<dyn Schedulable> {
[INFO] [stdout]    |                          -             ^^^^^^^^^^^ not found in this scope
[INFO] [stdout]    |                          |
[INFO] [stdout]    |                          help: you might be missing a type parameter: `<Schedulable>`
[INFO] [stdout] 
[INFO] [stdout] 
[INFO] [stdout] error[E0433]: failed to resolve: use of undeclared type or module `SystemBuilder`
[INFO] [stdout]   --> src/main.rs:58:5
[INFO] [stdout]    |
[INFO] [stdout] 58 |     SystemBuilder::<()>::new("MoveSystem")
[INFO] [stdout]    |     ^^^^^^^^^^^^^ not found in this scope
[INFO] [stdout]    |
[INFO] [stdout] help: consider importing this struct
[INFO] [stdout]    |
[INFO] [stdout] 1  | use legion::SystemBuilder;
[INFO] [stdout]    |
[INFO] [stdout] 
[INFO] [stdout] 
[INFO] [stdout] error[E0412]: cannot find type `Write` in this scope
[INFO] [stdout]   --> src/main.rs:59:23
[INFO] [stdout]    |
[INFO] [stdout] 59 |         .with_query(<(Write<Position>)>::query())
[INFO] [stdout]    |                       ^^^^^ not found in this scope
[INFO] [stdout]    |
[INFO] [stdout] help: consider importing one of these items
[INFO] [stdout]    |
[INFO] [stdout] 1  | use core::fmt::Write;
[INFO] [stdout]    |
[INFO] [stdout] 1  | use crate::graphics::texture::fs::fs::Write;
[INFO] [stdout]    |
[INFO] [stdout] 1  | use crate::graphics::texture::fs::fs::fs_imp::ptr::fmt::Write;
[INFO] [stdout]    |
[INFO] [stdout] 1  | use legion::Write;
[INFO] [stdout]    |
[INFO] [stdout]      and 2 other candidates
[INFO] [stdout] 
[INFO] [stdout] 
[INFO] [stdout] error[E0412]: cannot find type `World` in this scope
[INFO] [stdout]   --> src/main.rs:71:57
[INFO] [stdout]    |
[INFO] [stdout] 71 |     fn update(&mut self, ctx: &mut Context, world: &mut World) -> tetra::Result<Transition>;
[INFO] [stdout]    |                                                         ^^^^^ not found in this scope
[INFO] [stdout]    |
[INFO] [stdout] help: consider importing this struct
[INFO] [stdout]    |
[INFO] [stdout] 1  | use legion::World;
[INFO] [stdout]    |
[INFO] [stdout] 
[INFO] [stdout] 
[INFO] [stdout] error[E0412]: cannot find type `World` in this scope
[INFO] [stdout]   --> src/main.rs:72:55
[INFO] [stdout]    |
[INFO] [stdout] 72 |     fn draw(&mut self, ctx: &mut Context, world: &mut World) -> tetra::Result<Transition>;
[INFO] [stdout]    |                                                       ^^^^^ not found in this scope
[INFO] [stdout]    |
[INFO] [stdout] help: consider importing this struct
[INFO] [stdout]    |
[INFO] [stdout] 1  | use legion::World;
[INFO] [stdout]    |
[INFO] [stdout] 
[INFO] [stdout] 
[INFO] [stdout] error[E0412]: cannot find type `Universe` in this scope
[INFO] [stdout]   --> src/main.rs:82:15
[INFO] [stdout]    |
[INFO] [stdout] 82 |     universe: Universe,
[INFO] [stdout]    |               ^^^^^^^^ not found in this scope
[INFO] [stdout] 
[INFO] [stdout] 
[INFO] [stdout] error[E0412]: cannot find type `World` in this scope
[INFO] [stdout]   --> src/main.rs:83:16
[INFO] [stdout]    |
[INFO] [stdout] 83 |     pub world: World,
[INFO] [stdout]    |                ^^^^^ not found in this scope
[INFO] [stdout]    |
[INFO] [stdout] help: consider importing this struct
[INFO] [stdout]    |
[INFO] [stdout] 1  | use legion::World;
[INFO] [stdout]    |
[INFO] [stdout] 
[INFO] [stdout] 
[INFO] [stdout] error[E0412]: cannot find type `Executor` in this scope
[INFO] [stdout]   --> src/main.rs:84:19
[INFO] [stdout]    |
[INFO] [stdout] 84 |     pub executor: Executor,
[INFO] [stdout]    |                   ^^^^^^^^ not found in this scope
[INFO] [stdout]    |
[INFO] [stdout] help: consider importing this struct
[INFO] [stdout]    |
[INFO] [stdout] 1  | use legion::systems::Executor;
[INFO] [stdout]    |
[INFO] [stdout] 
[INFO] [stdout] 
[INFO] [stdout] error[E0412]: cannot find type `Resources` in this scope
[INFO] [stdout]   --> src/main.rs:85:20
[INFO] [stdout]    |
[INFO] [stdout] 85 |     pub resources: Resources,
[INFO] [stdout]    |                    ^^^^^^^^^ not found in this scope
[INFO] [stdout]    |
[INFO] [stdout] help: consider importing this struct
[INFO] [stdout]    |
[INFO] [stdout] 1  | use legion::Resources;
[INFO] [stdout]    |
[INFO] [stdout] 
[INFO] [stdout] 
[INFO] [stdout] error[E0433]: failed to resolve: use of undeclared type or module `Executor`
[INFO] [stdout]   --> src/main.rs:95:24
[INFO] [stdout]    |
[INFO] [stdout] 95 |         let executor = Executor::new(vec![]);
[INFO] [stdout]    |                        ^^^^^^^^ not found in this scope
[INFO] [stdout]    |
[INFO] [stdout] help: consider importing this struct
[INFO] [stdout]    |
[INFO] [stdout] 1  | use legion::systems::Executor;
[INFO] [stdout]    |
[INFO] [stdout] 
[INFO] [stdout] 
[INFO] [stdout] error[E0433]: failed to resolve: use of undeclared type or module `Resources`
[INFO] [stdout]   --> src/main.rs:96:29
[INFO] [stdout]    |
[INFO] [stdout] 96 |         let mut resources = Resources::default();
[INFO] [stdout]    |                             ^^^^^^^^^ not found in this scope
[INFO] [stdout]    |
[INFO] [stdout] help: consider importing this struct
[INFO] [stdout]    |
[INFO] [stdout] 1  | use legion::Resources;
[INFO] [stdout]    |
[INFO] [stdout] 
[INFO] [stdout] 
[INFO] [stdout] error[E0405]: cannot find trait `Schedulable` in this scope
[INFO] [stdout]    --> src/main.rs:116:56
[INFO] [stdout]     |
[INFO] [stdout] 91  | impl GameState {
[INFO] [stdout]     |     - help: you might be missing a type parameter: `<Schedulable>`
[INFO] [stdout] ...
[INFO] [stdout] 116 |     pub fn set_systems(&mut self, systems: Vec<Box<dyn Schedulable>>) {
[INFO] [stdout]     |                                                        ^^^^^^^^^^^ not found in this scope
[INFO] [stdout] 
[INFO] [stdout] 
[INFO] [stdout] error[E0433]: failed to resolve: use of undeclared type or module `Executor`
[INFO] [stdout]    --> src/main.rs:117:25
[INFO] [stdout]     |
[INFO] [stdout] 117 |         self.executor = Executor::new(systems);
[INFO] [stdout]     |                         ^^^^^^^^ not found in this scope
[INFO] [stdout]     |
[INFO] [stdout] help: consider importing this struct
[INFO] [stdout]     |
[INFO] [stdout] 1   | use legion::systems::Executor;
[INFO] [stdout]     |
[INFO] [stdout] 
[INFO] [stdout] 
[INFO] [stdout] error[E0412]: cannot find type `World` in this scope
[INFO] [stdout]    --> src/main.rs:180:43
[INFO] [stdout]     |
[INFO] [stdout] 180 |     fn new(ctx: &mut Context, world: &mut World) -> tetra::Result<TestScene> {
[INFO] [stdout]     |                                           ^^^^^ not found in this scope
[INFO] [stdout]     |
[INFO] [stdout] help: consider importing this struct
[INFO] [stdout]     |
[INFO] [stdout] 1   | use legion::World;
[INFO] [stdout]     |
[INFO] [stdout] 
[INFO] [stdout] 
[INFO] [stdout] error[E0412]: cannot find type `World` in this scope
[INFO] [stdout]    --> src/main.rs:208:61
[INFO] [stdout]     |
[INFO] [stdout] 208 |     fn update(&mut self, ctx: &mut Context, mut world: &mut World) -> tetra::Result<Transition> {
[INFO] [stdout]     |                                                             ^^^^^ not found in this scope
[INFO] [stdout]     |
[INFO] [stdout] help: consider importing this struct
[INFO] [stdout]     |
[INFO] [stdout] 1   | use legion::World;
[INFO] [stdout]     |
[INFO] [stdout] 
[INFO] [stdout] 
[INFO] [stdout] error[E0412]: cannot find type `World` in this scope
[INFO] [stdout]    --> src/main.rs:227:55
[INFO] [stdout]     |
[INFO] [stdout] 227 |     fn draw(&mut self, ctx: &mut Context, world: &mut World) -> tetra::Result<Transition> {
[INFO] [stdout]     |                                                       ^^^^^ not found in this scope
[INFO] [stdout]     |
[INFO] [stdout] help: consider importing this struct
[INFO] [stdout]     |
[INFO] [stdout] 1   | use legion::World;
[INFO] [stdout]     |
[INFO] [stdout] 
[INFO] [stdout] 
[INFO] [stdout] error[E0412]: cannot find type `World` in this scope
[INFO] [stdout]    --> src/main.rs:245:43
[INFO] [stdout]     |
[INFO] [stdout] 245 |     fn new(ctx: &mut Context, world: &mut World) -> tetra::Result<TestScene2> {
[INFO] [stdout]     |                                           ^^^^^ not found in this scope
[INFO] [stdout]     |
[INFO] [stdout] help: consider importing this struct
[INFO] [stdout]     |
[INFO] [stdout] 1   | use legion::World;
[INFO] [stdout]     |
[INFO] [stdout] 
[INFO] [stdout] 
[INFO] [stdout] error[E0412]: cannot find type `World` in this scope
[INFO] [stdout]    --> src/main.rs:254:61
[INFO] [stdout]     |
[INFO] [stdout] 254 |     fn update(&mut self, ctx: &mut Context, mut world: &mut World) -> tetra::Result<Transition> {
[INFO] [stdout]     |                                                             ^^^^^ not found in this scope
[INFO] [stdout]     |
[INFO] [stdout] help: consider importing this struct
[INFO] [stdout]     |
[INFO] [stdout] 1   | use legion::World;
[INFO] [stdout]     |
[INFO] [stdout] 
[INFO] [stdout] 
[INFO] [stdout] error[E0412]: cannot find type `World` in this scope
[INFO] [stdout]    --> src/main.rs:262:55
[INFO] [stdout]     |
[INFO] [stdout] 262 |     fn draw(&mut self, ctx: &mut Context, world: &mut World) -> tetra::Result<Transition> {
[INFO] [stdout]     |                                                       ^^^^^ not found in this scope
[INFO] [stdout]     |
[INFO] [stdout] help: consider importing this struct
[INFO] [stdout]     |
[INFO] [stdout] 1   | use legion::World;
[INFO] [stdout]     |
[INFO] [stdout] 
[INFO] [stdout] 
[INFO] [stdout] warning: unused import: `Rng`
[INFO] [stdout]  --> src/main.rs:2:18
[INFO] [stdout]   |
[INFO] [stdout] 2 | use rand::{self, Rng};
[INFO] [stdout]   |                  ^^^
[INFO] [stdout]   |
[INFO] [stdout]   = note: `#[warn(unused_imports)]` on by default
[INFO] [stdout] 
[INFO] [stdout] 
[INFO] [stdout] warning: unused import: `tetra::audio::Sound`
[INFO] [stdout]  --> src/main.rs:3:5
[INFO] [stdout]   |
[INFO] [stdout] 3 | use tetra::audio::Sound;
[INFO] [stdout]   |     ^^^^^^^^^^^^^^^^^^^
[INFO] [stdout] 
[INFO] [stdout] 
[INFO] [stdout] warning: unused imports: `DrawParams`, `Texture`
[INFO] [stdout]  --> src/main.rs:5:36
[INFO] [stdout]   |
[INFO] [stdout] 5 | use tetra::graphics::{self, Color, DrawParams, Font, Text, Texture};
[INFO] [stdout]   |                                    ^^^^^^^^^^              ^^^^^^^
[INFO] [stdout] 
[INFO] [stdout] 
[INFO] [stdout] warning: unnecessary parentheses around type
[INFO] [stdout]   --> src/main.rs:59:22
[INFO] [stdout]    |
[INFO] [stdout] 59 |         .with_query(<(Write<Position>)>::query())
[INFO] [stdout]    |                      ^^^^^^^^^^^^^^^^^ help: remove these parentheses
[INFO] [stdout]    |
[INFO] [stdout]    = note: `#[warn(unused_parens)]` on by default
[INFO] [stdout] 
[INFO] [stdout] 
[INFO] [stdout] warning: unnecessary parentheses around pattern
[INFO] [stdout]    --> src/main.rs:213:13
[INFO] [stdout]     |
[INFO] [stdout] 213 |         for (_entity) in world.iter_entities() {
[INFO] [stdout]     |             ^^^^^^^^^ help: remove these parentheses
[INFO] [stdout] 
[INFO] [stdout] 
[INFO] [stdout] warning: unnecessary parentheses around `if` condition
[INFO] [stdout]    --> src/main.rs:214:16
[INFO] [stdout]     |
[INFO] [stdout] 214 |             if (self.test_text.content().len() > 100) {
[INFO] [stdout]     |                ^^^^^^^^^^^^^^^^^^^^^^^^^^^^^^^^^^^^^^ help: remove these parentheses
[INFO] [stdout] 
[INFO] [stdout] 
[INFO] [stdout] error[E0405]: cannot find trait `Schedulable` in this scope
[INFO] [stdout]   --> src/main.rs:47:40
[INFO] [stdout]    |
[INFO] [stdout] 47 | pub fn create_systems() -> Vec<Box<dyn Schedulable>> {
[INFO] [stdout]    |                      -                 ^^^^^^^^^^^ not found in this scope
[INFO] [stdout]    |                      |
[INFO] [stdout]    |                      help: you might be missing a type parameter: `<Schedulable>`
[INFO] [stdout] 
[INFO] [stdout] 
[INFO] [stdout] error[E0405]: cannot find trait `Schedulable` in this scope
[INFO] [stdout]   --> src/main.rs:57:40
[INFO] [stdout]    |
[INFO] [stdout] 57 | pub fn simple_test_system() -> Box<dyn Schedulable> {
[INFO] [stdout]    |                          -             ^^^^^^^^^^^ not found in this scope
[INFO] [stdout]    |                          |
[INFO] [stdout]    |                          help: you might be missing a type parameter: `<Schedulable>`
[INFO] [stdout] 
[INFO] [stdout] 
[INFO] [stdout] error[E0433]: failed to resolve: use of undeclared type or module `SystemBuilder`
[INFO] [stdout]   --> src/main.rs:58:5
[INFO] [stdout]    |
[INFO] [stdout] 58 |     SystemBuilder::<()>::new("MoveSystem")
[INFO] [stdout]    |     ^^^^^^^^^^^^^ not found in this scope
[INFO] [stdout]    |
[INFO] [stdout] help: consider importing this struct
[INFO] [stdout]    |
[INFO] [stdout] 1  | use legion::SystemBuilder;
[INFO] [stdout]    |
[INFO] [stdout] 
[INFO] [stdout] 
[INFO] [stdout] error[E0412]: cannot find type `Write` in this scope
[INFO] [stdout]   --> src/main.rs:59:23
[INFO] [stdout]    |
[INFO] [stdout] 59 |         .with_query(<(Write<Position>)>::query())
[INFO] [stdout]    |                       ^^^^^ not found in this scope
[INFO] [stdout]    |
[INFO] [stdout] help: consider importing one of these items
[INFO] [stdout]    |
[INFO] [stdout] 1  | use core::fmt::Write;
[INFO] [stdout]    |
[INFO] [stdout] 1  | use crate::graphics::texture::fs::fs::Write;
[INFO] [stdout]    |
[INFO] [stdout] 1  | use crate::graphics::texture::fs::fs::fs_imp::ptr::fmt::Write;
[INFO] [stdout]    |
[INFO] [stdout] 1  | use legion::Write;
[INFO] [stdout]    |
[INFO] [stdout]      and 2 other candidates
[INFO] [stdout] 
[INFO] [stdout] 
[INFO] [stdout] error[E0412]: cannot find type `World` in this scope
[INFO] [stdout]   --> src/main.rs:71:57
[INFO] [stdout]    |
[INFO] [stdout] 71 |     fn update(&mut self, ctx: &mut Context, world: &mut World) -> tetra::Result<Transition>;
[INFO] [stdout]    |                                                         ^^^^^ not found in this scope
[INFO] [stdout]    |
[INFO] [stdout] help: consider importing this struct
[INFO] [stdout]    |
[INFO] [stdout] 1  | use legion::World;
[INFO] [stdout]    |
[INFO] [stdout] 
[INFO] [stdout] 
[INFO] [stdout] error[E0412]: cannot find type `World` in this scope
[INFO] [stdout]   --> src/main.rs:72:55
[INFO] [stdout]    |
[INFO] [stdout] 72 |     fn draw(&mut self, ctx: &mut Context, world: &mut World) -> tetra::Result<Transition>;
[INFO] [stdout]    |                                                       ^^^^^ not found in this scope
[INFO] [stdout]    |
[INFO] [stdout] help: consider importing this struct
[INFO] [stdout]    |
[INFO] [stdout] 1  | use legion::World;
[INFO] [stdout]    |
[INFO] [stdout] 
[INFO] [stdout] 
[INFO] [stdout] error[E0412]: cannot find type `Universe` in this scope
[INFO] [stdout]   --> src/main.rs:82:15
[INFO] [stdout]    |
[INFO] [stdout] 82 |     universe: Universe,
[INFO] [stdout]    |               ^^^^^^^^ not found in this scope
[INFO] [stdout] 
[INFO] [stdout] 
[INFO] [stdout] error[E0412]: cannot find type `World` in this scope
[INFO] [stdout]   --> src/main.rs:83:16
[INFO] [stdout]    |
[INFO] [stdout] 83 |     pub world: World,
[INFO] [stdout]    |                ^^^^^ not found in this scope
[INFO] [stdout]    |
[INFO] [stdout] help: consider importing this struct
[INFO] [stdout]    |
[INFO] [stdout] 1  | use legion::World;
[INFO] [stdout]    |
[INFO] [stdout] 
[INFO] [stdout] 
[INFO] [stdout] error[E0412]: cannot find type `Executor` in this scope
[INFO] [stdout]   --> src/main.rs:84:19
[INFO] [stdout]    |
[INFO] [stdout] 84 |     pub executor: Executor,
[INFO] [stdout]    |                   ^^^^^^^^ not found in this scope
[INFO] [stdout]    |
[INFO] [stdout] help: consider importing this struct
[INFO] [stdout]    |
[INFO] [stdout] 1  | use legion::systems::Executor;
[INFO] [stdout]    |
[INFO] [stdout] 
[INFO] [stdout] 
[INFO] [stdout] error[E0412]: cannot find type `Resources` in this scope
[INFO] [stdout]   --> src/main.rs:85:20
[INFO] [stdout]    |
[INFO] [stdout] 85 |     pub resources: Resources,
[INFO] [stdout]    |                    ^^^^^^^^^ not found in this scope
[INFO] [stdout]    |
[INFO] [stdout] help: consider importing this struct
[INFO] [stdout]    |
[INFO] [stdout] 1  | use legion::Resources;
[INFO] [stdout]    |
[INFO] [stdout] 
[INFO] [stdout] 
[INFO] [stdout] error[E0433]: failed to resolve: use of undeclared type or module `Executor`
[INFO] [stdout]   --> src/main.rs:95:24
[INFO] [stdout]    |
[INFO] [stdout] 95 |         let executor = Executor::new(vec![]);
[INFO] [stdout]    |                        ^^^^^^^^ not found in this scope
[INFO] [stdout]    |
[INFO] [stdout] help: consider importing this struct
[INFO] [stdout]    |
[INFO] [stdout] 1  | use legion::systems::Executor;
[INFO] [stdout]    |
[INFO] [stdout] 
[INFO] [stdout] 
[INFO] [stdout] error[E0433]: failed to resolve: use of undeclared type or module `Resources`
[INFO] [stdout]   --> src/main.rs:96:29
[INFO] [stdout]    |
[INFO] [stdout] 96 |         let mut resources = Resources::default();
[INFO] [stdout]    |                             ^^^^^^^^^ not found in this scope
[INFO] [stdout]    |
[INFO] [stdout] help: consider importing this struct
[INFO] [stdout]    |
[INFO] [stdout] 1  | use legion::Resources;
[INFO] [stdout]    |
[INFO] [stdout] 
[INFO] [stdout] 
[INFO] [stdout] error[E0405]: cannot find trait `Schedulable` in this scope
[INFO] [stdout]    --> src/main.rs:116:56
[INFO] [stdout]     |
[INFO] [stdout] 91  | impl GameState {
[INFO] [stdout]     |     - help: you might be missing a type parameter: `<Schedulable>`
[INFO] [stdout] ...
[INFO] [stdout] 116 |     pub fn set_systems(&mut self, systems: Vec<Box<dyn Schedulable>>) {
[INFO] [stdout]     |                                                        ^^^^^^^^^^^ not found in this scope
[INFO] [stdout] 
[INFO] [stdout] 
[INFO] [stdout] error[E0433]: failed to resolve: use of undeclared type or module `Executor`
[INFO] [stdout]    --> src/main.rs:117:25
[INFO] [stdout]     |
[INFO] [stdout] 117 |         self.executor = Executor::new(systems);
[INFO] [stdout]     |                         ^^^^^^^^ not found in this scope
[INFO] [stdout]     |
[INFO] [stdout] help: consider importing this struct
[INFO] [stdout]     |
[INFO] [stdout] 1   | use legion::systems::Executor;
[INFO] [stdout]     |
[INFO] [stdout] 
[INFO] [stdout] 
[INFO] [stdout] error[E0412]: cannot find type `World` in this scope
[INFO] [stdout]    --> src/main.rs:180:43
[INFO] [stdout]     |
[INFO] [stdout] 180 |     fn new(ctx: &mut Context, world: &mut World) -> tetra::Result<TestScene> {
[INFO] [stdout]     |                                           ^^^^^ not found in this scope
[INFO] [stdout]     |
[INFO] [stdout] help: consider importing this struct
[INFO] [stdout]     |
[INFO] [stdout] 1   | use legion::World;
[INFO] [stdout]     |
[INFO] [stdout] 
[INFO] [stdout] 
[INFO] [stdout] error[E0412]: cannot find type `World` in this scope
[INFO] [stdout]    --> src/main.rs:208:61
[INFO] [stdout]     |
[INFO] [stdout] 208 |     fn update(&mut self, ctx: &mut Context, mut world: &mut World) -> tetra::Result<Transition> {
[INFO] [stdout]     |                                                             ^^^^^ not found in this scope
[INFO] [stdout]     |
[INFO] [stdout] help: consider importing this struct
[INFO] [stdout]     |
[INFO] [stdout] 1   | use legion::World;
[INFO] [stdout]     |
[INFO] [stdout] 
[INFO] [stdout] 
[INFO] [stdout] error[E0412]: cannot find type `World` in this scope
[INFO] [stdout]    --> src/main.rs:227:55
[INFO] [stdout]     |
[INFO] [stdout] 227 |     fn draw(&mut self, ctx: &mut Context, world: &mut World) -> tetra::Result<Transition> {
[INFO] [stdout]     |                                                       ^^^^^ not found in this scope
[INFO] [stdout]     |
[INFO] [stdout] help: consider importing this struct
[INFO] [stdout]     |
[INFO] [stdout] 1   | use legion::World;
[INFO] [stdout]     |
[INFO] [stdout] 
[INFO] [stdout] 
[INFO] [stdout] error[E0412]: cannot find type `World` in this scope
[INFO] [stdout]    --> src/main.rs:245:43
[INFO] [stdout]     |
[INFO] [stdout] 245 |     fn new(ctx: &mut Context, world: &mut World) -> tetra::Result<TestScene2> {
[INFO] [stdout]     |                                           ^^^^^ not found in this scope
[INFO] [stdout]     |
[INFO] [stdout] help: consider importing this struct
[INFO] [stdout]     |
[INFO] [stdout] 1   | use legion::World;
[INFO] [stdout]     |
[INFO] [stdout] 
[INFO] [stdout] 
[INFO] [stdout] error[E0412]: cannot find type `World` in this scope
[INFO] [stdout]    --> src/main.rs:254:61
[INFO] [stdout]     |
[INFO] [stdout] 254 |     fn update(&mut self, ctx: &mut Context, mut world: &mut World) -> tetra::Result<Transition> {
[INFO] [stdout]     |                                                             ^^^^^ not found in this scope
[INFO] [stdout]     |
[INFO] [stdout] help: consider importing this struct
[INFO] [stdout]     |
[INFO] [stdout] 1   | use legion::World;
[INFO] [stdout]     |
[INFO] [stdout] 
[INFO] [stdout] 
[INFO] [stdout] error[E0412]: cannot find type `World` in this scope
[INFO] [stdout]    --> src/main.rs:262:55
[INFO] [stdout]     |
[INFO] [stdout] 262 |     fn draw(&mut self, ctx: &mut Context, world: &mut World) -> tetra::Result<Transition> {
[INFO] [stdout]     |                                                       ^^^^^ not found in this scope
[INFO] [stdout]     |
[INFO] [stdout] help: consider importing this struct
[INFO] [stdout]     |
[INFO] [stdout] 1   | use legion::World;
[INFO] [stdout]     |
[INFO] [stdout] 
[INFO] [stdout] 
[INFO] [stdout] error: aborting due to 22 previous errors; 6 warnings emitted
[INFO] [stdout] 
[INFO] [stdout] 
[INFO] [stdout] Some errors have detailed explanations: E0405, E0412, E0432, E0433.
[INFO] [stdout] 
[INFO] [stdout] For more information about an error, try `rustc --explain E0405`.
[INFO] [stdout] 
[INFO] [stdout] warning: unused import: `Rng`
[INFO] [stdout]  --> src/main.rs:2:18
[INFO] [stdout]   |
[INFO] [stdout] 2 | use rand::{self, Rng};
[INFO] [stdout]   |                  ^^^
[INFO] [stdout]   |
[INFO] [stdout]   = note: `#[warn(unused_imports)]` on by default
[INFO] [stdout] 
[INFO] [stdout] 
[INFO] [stdout] warning: unused import: `tetra::audio::Sound`
[INFO] [stdout]  --> src/main.rs:3:5
[INFO] [stdout]   |
[INFO] [stdout] 3 | use tetra::audio::Sound;
[INFO] [stdout]   |     ^^^^^^^^^^^^^^^^^^^
[INFO] [stdout] 
[INFO] [stdout] 
[INFO] [stdout] warning: unused imports: `DrawParams`, `Texture`
[INFO] [stdout]  --> src/main.rs:5:36
[INFO] [stdout]   |
[INFO] [stdout] 5 | use tetra::graphics::{self, Color, DrawParams, Font, Text, Texture};
[INFO] [stdout]   |                                    ^^^^^^^^^^              ^^^^^^^
[INFO] [stdout] 
[INFO] [stdout] 
[INFO] [stdout] warning: unnecessary parentheses around type
[INFO] [stdout]   --> src/main.rs:59:22
[INFO] [stdout]    |
[INFO] [stdout] 59 |         .with_query(<(Write<Position>)>::query())
[INFO] [stdout]    |                      ^^^^^^^^^^^^^^^^^ help: remove these parentheses
[INFO] [stdout]    |
[INFO] [stdout]    = note: `#[warn(unused_parens)]` on by default
[INFO] [stdout] 
[INFO] [stdout] 
[INFO] [stdout] warning: unnecessary parentheses around pattern
[INFO] [stdout]    --> src/main.rs:213:13
[INFO] [stdout]     |
[INFO] [stdout] 213 |         for (_entity) in world.iter_entities() {
[INFO] [stdout]     |             ^^^^^^^^^ help: remove these parentheses
[INFO] [stdout] 
[INFO] [stdout] 
[INFO] [stdout] warning: unnecessary parentheses around `if` condition
[INFO] [stdout]    --> src/main.rs:214:16
[INFO] [stdout]     |
[INFO] [stdout] 214 |             if (self.test_text.content().len() > 100) {
[INFO] [stdout]     |                ^^^^^^^^^^^^^^^^^^^^^^^^^^^^^^^^^^^^^^ help: remove these parentheses
[INFO] [stdout] 
[INFO] [stdout] 
[INFO] [stdout] error: aborting due to 22 previous errors; 6 warnings emitted
[INFO] [stdout] 
[INFO] [stdout] 
[INFO] [stdout] Some errors have detailed explanations: E0405, E0412, E0432, E0433.
[INFO] [stdout] 
[INFO] [stdout] For more information about an error, try `rustc --explain E0405`.
[INFO] [stdout] 
[INFO] [stderr] error: could not compile `ld46`.
[INFO] [stderr] 
[INFO] [stderr] To learn more, run the command again with --verbose.
[INFO] [stderr] warning: build failed, waiting for other jobs to finish...
[INFO] [stderr] error: build failed
[INFO] running `Command { std: "docker" "inspect" "f177c9402ef0af3dc5d8afdc419d7358cbafc732950c60c3d77ef3979e1dcbfb", kill_on_drop: false }`
[INFO] running `Command { std: "docker" "rm" "-f" "f177c9402ef0af3dc5d8afdc419d7358cbafc732950c60c3d77ef3979e1dcbfb", kill_on_drop: false }`
[INFO] [stdout] f177c9402ef0af3dc5d8afdc419d7358cbafc732950c60c3d77ef3979e1dcbfb
